he prime factors of 509610?
2, 3, 5, 16987
What are the prime factors of 636549?
3, 212183
What are the prime factors of 2715196?
2, 11, 23, 2683
List the prime factors of 10576.
2, 661
List the prime factors of 1344997.
31, 43, 1009
List the prime factors of 431777.
431777
List the prime factors of 17685606.
2, 3, 2947601
What are the prime factors of 428643?
3, 97, 491
What are the prime factors of 10778147?
10778147
What are the prime factors of 4759880?
2, 5, 19, 6263
What are the prime factors of 10791291?
3, 7, 513871
List the prime factors of 143036.
2, 35759
List the prime factors of 719846.
2, 53, 6791
What are the prime factors of 1223798?
2, 241, 2539
What are the prime factors of 4163890?
2, 5, 416389
What are the prime factors of 13422243?
3, 4474081
What are the prime factors of 8261?
11, 751
What are the prime factors of 18122575?
5, 724903
What are the prime factors of 1006729?
127, 7927
List the prime factors of 168537.
3, 56179
What are the prime factors of 183380?
2, 5, 53, 173
List the prime factors of 439535.
5, 17, 5171
List the prime factors of 29643583.
3389, 8747
List the prime factors of 1205539.
1205539
What are the prime factors of 1343932?
2, 179, 1877
List the prime factors of 586369.
7, 211, 397
List the prime factors of 22945.
5, 13, 353
List the prime factors of 4015387.
1913, 2099
What are the prime factors of 863086?
2, 7, 8807
List the prime factors of 24397915.
5, 4879583
List the prime factors of 264834.
2, 3, 14713
List the prime factors of 26921.
26921
What are the prime factors of 319674?
2, 3, 53279
List the prime factors of 4801620.
2, 3, 5, 79, 1013
What are the prime factors of 224076?
2, 3, 71, 263
List the prime factors of 275436.
2, 3, 7, 1093
List the prime factors of 1549477.
1549477
What are the prime factors of 1769121?
3, 21841
What are the prime factors of 202031?
202031
List the prime factors of 1146568.
2, 251, 571
What are the prime factors of 3088?
2, 193
List the prime factors of 1000598.
2, 500299
List the prime factors of 9681047.
491, 19717
What are the prime factors of 7739640?
2, 3, 5, 21499
What are the prime factors of 489087?
3, 31, 1753
List the prime factors of 1402988.
2, 350747
What are the prime factors of 547171?
547171
What are the prime factors of 79876?
2, 19, 1051
What are the prime factors of 7724298?
2, 3, 19, 67757
What are the prime factors of 1275208?
2, 11, 43, 337
List the prime factors of 190863.
3, 7069
List the prime factors of 97215.
3, 5, 6481
What are the prime factors of 852493?
83, 10271
What are the prime factors of 1532071?
53, 137, 211
What are the prime factors of 24762061?
67, 599, 617
What are the prime factors of 153731?
17, 9043
What are the prime factors of 21578638?
2, 139, 77621
List the prime factors of 406329.
3, 7, 11, 1759
List the prime factors of 612175.
5, 47, 521
What are the prime factors of 5050466?
2, 19, 29, 4583
List the prime factors of 492428.
2, 307, 401
What are the prime factors of 3552674?
2, 29, 61253
What are the prime factors of 691865?
5, 138373
What are the prime factors of 3094?
2, 7, 13, 17
List the prime factors of 4717829.
23, 41, 5003
What are the prime factors of 420786?
2, 3, 97, 241
List the prime factors of 6808847.
193, 35279
List the prime factors of 7690988.
2, 73, 26339
List the prime factors of 88684.
2, 22171
What are the prime factors of 5801256?
2, 3, 197, 409
List the prime factors of 10948208.
2, 31, 22073
What are the prime factors of 1537327?
11, 17, 8221
What are the prime factors of 3200634?
2, 3, 23, 859
List the prime factors of 400197.
3, 7, 17, 19, 59
What are the prime factors of 28050940?
2, 5, 1402547
What are the prime factors of 138773?
73, 1901
List the prime factors of 246473.
246473
What are the prime factors of 2624725?
5, 67, 1567
List the prime factors of 2393745.
3, 5, 53, 3011
List the prime factors of 67935.
3, 5, 7, 647
List the prime factors of 2510227.
2510227
List the prime factors of 1077393.
3, 197, 1823
What are the prime factors of 1757627?
131, 13417
What are the prime factors of 3968119?
71, 55889
List the prime factors of 3614130.
2, 3, 5, 13, 3089
List the prime factors of 2434143.
3, 107, 7583
List the prime factors of 199808.
2, 7, 223
What are the prime factors of 4886932?
2, 353, 3461
What are the prime factors of 1263883?
37, 34159
List the prime factors of 5434956.
2, 3, 223, 677
List the prime factors of 1272920.
2, 5, 11, 263
List the prime factors of 362308.
2, 53, 1709
What are the prime factors of 277595?
5, 59, 941
What are the prime factors of 17490760?
2, 5, 7, 62467
List the prime factors of 1711477.
61, 28057
What are the prime factors of 39106651?
43, 909457
What are the prime factors of 12775957?
941, 13577
What are the prime factors of 565236?
2, 3, 7, 2243
List the prime factors of 1158291.
3, 41, 43, 73
List the prime factors of 3896923.
3896923
What are the prime factors of 6666392?
2, 833299
What are the prime factors of 3036774?
2, 3, 13, 38933
List the prime factors of 815409.
3, 7, 43
What are the prime factors of 19574849?
7, 643, 4349
List the prime factors of 6740741.
7, 962963
List the prime factors of 365507.
365507
What are the prime factors of 1145399?
449, 2551
What are the prime factors of 11906563?
37, 321799
What are the prime factors of 1877257?
19, 29, 3407
What are the prime factors of 639347?
79, 8093
List the prime factors of 883977.
3, 294659
List the prime factors of 824293.
61, 13513
What are the prime factors of 200989?
200989
What are the prime factors of 1435854?
2, 3, 7, 17, 2011
List the prime factors of 141108.
2, 3, 11, 1069
What are the prime factors of 682134?
2, 3, 23, 4943
List the prime factors of 227938.
2, 113969
List the prime factors of 282100.
2, 5, 7, 13, 31
What are the prime factors of 441517?
441517
What are the prime factors of 3764554?
2, 59, 61, 523
What are the prime factors of 1238813?
433, 2861
List the prime factors of 192620.
2, 5, 9631
List the prime factors of 1525149.
3, 19, 991
What are the prime factors of 770159?
13, 59243
List the prime factors of 13411744.
2, 113, 3709
What are the prime factors of 15090631?
269, 56099
List the prime factors of 330490.
2, 5, 33049
List the prime factors of 1295826.
2, 3, 7, 30853
List the prime factors of 1666305.
3, 5, 12343
What are the prime factors of 59913?
3, 7, 317
List the prime factors of 27055489.
27055489
List the prime factors of 12781752.
2, 3, 101, 5273
What are the prime factors of 130689?
3, 13, 1117
What are the prime factors of 8782815?
3, 5, 41, 14281
List the prime factors of 9664249.
7, 1380607
What are the prime factors of 19492468?
2, 127, 38371
What are the prime factors of 29302283?
5189, 5647
List the prime factors of 321165.
3, 5, 13, 61
What are the prime factors of 10894425?
3, 5, 145259
List the prime factors of 905956.
2, 293, 773
List the prime factors of 40256.
2, 17, 37
What are the prime factors of 297250?
2, 5, 29, 41
What are the prime factors of 1440673?
13, 110821
List the prime factors of 112848.
2, 3, 2351
What are the prime factors of 3127726?
2, 7, 41, 5449
List the prime factors of 1289581.
137, 9413
What are the prime factors of 1754906?
2, 29, 79, 383
What are the prime factors of 9810989?
17, 53, 10889
What are the prime factors of 32312?
2, 7, 577
What are the prime factors of 17353329?
3, 7, 826349
What are the prime factors of 268931?
13, 137, 151
List the prime factors of 195385.
5, 23, 1699
List the prime factors of 847834.
2, 13, 32609
List the prime factors of 3181035.
3, 5, 11, 13, 1483
List the prime factors of 1064323.
13, 19, 31, 139
What are the prime factors of 250396?
2, 59, 1061
List the prime factors of 11690210.
2, 5, 7, 23, 53, 137
What are the prime factors of 279161?
131, 2131
What are the prime factors of 639397?
11, 37, 1571
List the prime factors of 113465.
5, 11, 2063
List the prime factors of 134375.
5, 43
List the prime factors of 333334.
2, 166667
List the prime factors of 981106.
2, 7, 70079
What are the prime factors of 17698542?
2, 3, 43, 181, 379
What are the prime factors of 36514593?
3, 23, 419, 421
List the prime factors of 479530.
2, 5, 79, 607
What are the prime factors of 707454?
2, 3, 11, 397
List the prime factors of 43783.
43783
What are the prime factors of 1325